5*k - 159 = q. What are the prime factors of k?
2, 7
Let d(a) be the first derivative of 13*a**2 + 25*a - 10. What are the prime factors of d(4)?
3, 43
Let k = -2815 - -5066. What are the prime factors of k?
2251
Let o(z) = z**2 - 16*z - 1. Let i = -24 - -29. Suppose -i*h + 108 = h. What are the prime factors of o(h)?
5, 7
Let o be (-6)/(-8) + 391/(-4). Let k be (-3 + 6 + o)/(-1). Suppose -3*f = 3*y + 2*y - k, -76 = -5*y + 3*f. List the prime factors of y.
17
Let s = -24 - -24. Suppose -10*k + 56 + 404 = s. What are the prime factors of k?
2, 23
Let d = -8 + 209. Let s = -137 + d. What are the prime factors of s?
2
Suppose 4*o + 7*o - 2739 = 0. What are the prime factors of o?
3, 83
Suppose -1 = k - 6. Suppose k*w - 327 = -27. What are the prime factors of w?
2, 3, 5
Let o(a) = -2*a**2 - 117*a - 4. List the prime factors of o(-12).
2, 139
Let u(z) = z**3 + 7*z**2 + 4*z - 2. Let q be u(-6). Suppose q = i + 4*i. Suppose 3*w = -2*h + 61, -h - 4*w + i*w = -30. List the prime factors of h.
2
Suppose -3*l + 41 = 14. Let m(d) = d + 13. Let a(v) = 2*v + 15. Let j(f) = 3*a(f) - 4*m(f). List the prime factors of j(l).
11
Let b be (-2)/1*(-518)/14. List the prime factors of (-14 - -20)*b/6.
2, 37
What are the prime factors of 411 - (-6 + 4 - 0/(-1))?
7, 59
Suppose -4*m + 4*d = -60, 3*d = 4*m - 0*m - 57. Let h(t) = t**3 - 12*t**2 + 16*t. List the prime factors of h(m).
2, 3
Suppose -5*s = -1 - 19. Suppose -5*z = -2*j + 245, j - 85 = -10*z + 5*z. Suppose 5*n - 4*o - j = 0, s*n - 34 - 33 = -o. List the prime factors of n.
2, 3
Let q(s) = -s**2 + 3*s - 1. Let h be q(3). Let a(z) = 19*z**2 - 2*z - 1. Let v be a(h). Let u = v - 12. List the prime factors of u.
2
Suppose -7*k - k + 2272 = 0. Suppose -2*m = 5*w - 153, -3*m - 5*w + k = 57. What are the prime factors of m?
2, 37
Suppose 15*k = -22*k + 12580. What are the prime factors of k?
2, 5, 17
Let a(u) be the first derivative of -u**5/20 + 7*u**4/12 - 4*u**2 - 7*u + 5. Let o(k) be the first derivative of a(k). What are the prime factors of o(6)?
2, 7
Let y = 3273 - 2020. List the prime factors of y.
7, 179
Suppose 0 = 61*w - 32*w - 31465. What are the prime factors of w?
5, 7, 31
Let o be 2/2*3/(-1). List the prime factors of (o/(-3))/2*90.
3, 5
Suppose -u + h - 1 = 3*u, 0 = 2*u - 4*h + 4. Suppose -4*l - 82 + 10 = u. List the prime factors of (l/12)/(1/(-2)).
3
Let q = -4881 - -7781. What are the prime factors of q?
2, 5, 29
Let f(g) = -7*g**2 + 12*g + 5. Let n(b) = 10 - 13*b**2 + 10*b - 1 + b + 13*b. Let u(h) = -11*f(h) + 6*n(h). What are the prime factors of u(8)?
31
Suppose 3*r - 36*l = -33*l + 4692, 4*l = 12. List the prime factors of r.
1567
Let r(v) be the first derivative of -10*v**2 - 57*v - 38. List the prime factors of r(-14).
223
Let z be (-9)/(-1) - (-2 + -1). Let g = z + -12. Suppose g = -3*w + a + 48, -2*w + 19 = -2*a - 17. What are the prime factors of w?
3, 5
Let p(h) be the second derivative of -h**3/6 + 17*h**2/2 + 8*h. Let z be -5*(-2)/(-1 - -3). List the prime factors of p(z).
2, 3
Suppose d - 2*n = -3*d - 16, -4*d + 5*n - 22 = 0. Let i = d + 5. Suppose 6*b - 89 = i*b + p, 0 = -b + 5*p + 27. What are the prime factors of b?
2, 11
Let w(t) = -t**3 + 6*t**2 + t - 1. List the prime factors of w(-7).
17, 37
Let j(p) = -6*p - 25. Suppose b + 25 = 3*u, 3*b + 8 = -5*u + 3. List the prime factors of j(b).
5, 7
Suppose -2*u + 108 = -2*l, 4*l - 3*u + 215 = 2*u. Let o be (l/(-25) + -3)*-5. Suppose -2*k + o*z + 113 = k, 0 = 2*k - 5*z - 66. What are the prime factors of k?
43
Let q(c) = 57*c + 5. Let m(b) = b - 1. Let s(o) = -4*o + 4. Let u(z) = 5*m(z) + s(z). Let p(n) = -q(n) - 4*u(n). List the prime factors of p(-1).
2, 3, 5
Suppose 3*v - 9 = 3*u, -u - 12 = -2*v - 2*v. Suppose 3*y + 99 = v*w, -w - w = y - 81. Let x = -26 + w. What are the prime factors of x?
2, 3
Let l be (2/1 - 2)/(-1). Suppose 2*g + 5*w - 5 = l, -g + 6*g + 2*w = 2. Let j = 31 - g. List the prime factors of j.
31
Suppose -8*w + 4*c + 8 = -3*w, -5*w + 3*c = -6. Suppose h + 2*o - 6*o + 8 = 0, 4*o - 20 = w. Suppose 5*b = -h + 127. List the prime factors of b.
23
Suppose 0 = 3*w - 438 - 165. What are the prime factors of w?
3, 67
Suppose 0 = 812*i - 795*i - 37264. List the prime factors of i.
2, 137
Suppose -2*b + 5*b = 6. Let p be (-8)/5*(8 + 63/(-6)). Suppose -a = -p, -m - b*a - 3*a + 73 = 0. List the prime factors of m.
53
Let l(p) = 70*p**2 + 7*p + 9. List the prime factors of l(-3).
2, 3, 103
Suppose -2*q + 18 + 22 = 0. Let r = 5 + -13. List the prime factors of 405/q - (-2)/r.
2, 5
Suppose 0 = -2*f + 4, 3*s - 4*f + 4 - 2 = 0. Suppose 0 = -t - 2*t - s*d + 30, 0 = -5*t + 4*d + 50. What are the prime factors of t?
2, 5
Suppose 0 = -10*u + 9001 + 16169. What are the prime factors of u?
3, 839
Let j(f) = -2*f**3 - 5*f**2 + 6*f - 5. Let x(m) = -2*m + 5. Let l be x(5). Let z be j(l). Suppose 7*t - z = 2*t. What are the prime factors of t?
2, 3
Let o(q) = -q + 20. Let v be o(15). Suppose 30 = 5*k + v. Suppose 0*d = 5*u - 2*d - 80, k*d + 67 = 3*u. List the prime factors of u.
2, 7
Suppose 115 = 5*k + 5*b, -4*k + 2*b + 68 = -2*b. List the prime factors of k.
2, 5
Suppose 2*t + 2 = 10. Suppose -4*h = -t - 16. Suppose 120 = -h*u + 10*u. List the prime factors of u.
2, 3
Let a(u) = u - 6. Let g be a(3). Let i be 170/6 - 2/g. Let s = i - -7. List the prime factors of s.
2, 3
Suppose 31 = 6*m - 59. Suppose -m = 5*y - 215. Suppose 0 = 2*s - 24 - y. List the prime factors of s.
2
Let o(r) = 447*r**2 - 12*r + 13. List the prime factors of o(-3).
2, 509
Let y be (28/6)/((-1)/3). Let n = y + 20. List the prime factors of n.
2, 3
Let p(c) = 153*c**2 - 5*c + 1. Suppose -5 = -g - 4*g. What are the prime factors of p(g)?
149
Suppose -9*a + 8224 = -23474. List the prime factors of a.
2, 3, 587
Suppose 2716 = 7*a - 378. What are the prime factors of a?
2, 13, 17
Suppose -8*n - 11 = -35. Suppose -n*r - 7 = 8, -5*r = -5*j + 370. List the prime factors of j.
3, 23
Let d be (-36)/(-8) + 6/(-4). Suppose 10 = -4*j + d*r, -2*r - 20 = 7*j - 3*j. What are the prime factors of (-94)/j + (-5)/10?
23
Let w(o) = o**3 - 8*o**2 + 4*o - 8. Let j be (-1 - -9) + 0/(-3). Suppose j = 2*q - q. List the prime factors of w(q).
2, 3
What are the prime factors of 2 + -1 + (5044 - 11) + 8?
2, 2521
Suppose -4*y + 4160 = -1204. What are the prime factors of y?
3, 149
Let m be 32/(-48) - 800/(-3). Suppose m = 3*d + 98. Suppose 5*s = -2*q - 0*s + 54, 3*s + d = 4*q. What are the prime factors of q?
17
Let z be (-104)/5 - 8/40. Let h(k) = k**3 - k**2 + k - 10. Let w be h(0). Let b = w - z. What are the prime factors of b?
11
Let q be (27/(-2))/9 + 15/2. What are the prime factors of 2*26 + ((-18)/(-3) - q)?
2, 13
Let b(d) = d - 3. Let j be b(5). Let f(o) = 0*o - 3*o + 23 + 2*o + j*o. What are the prime factors of f(-11)?
2, 3
Suppose -5*d = -2*g + 261, 0*d - 684 = -5*g + 2*d. What are the prime factors of 21827/g - 1/6?
2, 79
Let l(v) = -5*v - 5. Let g be l(7). Let j be g/(-12) - (-1)/(-3). Suppose -3*a + 336 = j*a. What are the prime factors of a?
2, 7
Suppose -7*f + 306 = -380. List the prime factors of f.
2, 7
Let g = 83 - 85. Let b(v) = 3 - 5 + 0 - 10*v. List the prime factors of b(g).
2, 3
Let x(w) = -3*w + 7. Let u be x(-7). What are the prime factors of ((-288)/u)/((-6)/56)?
2, 3
Let n be (2/(-4) - 0)*-12. Suppose -1 = 5*k - n. List the prime factors of k/2 - (-35)/2.
2, 3
What are the prime factors of (-4)/(-12)*-9 - -1396?
7, 199
Let x = 1017 - 310. List the prime factors of x.
7, 101
Let b(r) = -r**3 - 3*r**2 + 2*r + 2. Let n be 2*3/(-6) - -4. Suppose k + w + n = -0*w, 3*k + 19 = 2*w. What are the prime factors of b(k)?
2, 3, 7
Let z(x) = -x**3 - 3*x**2 + 7*x + 6. Let l be z(-5). Let n be 75*(l/(-9) + 2). List the prime factors of (1 - n) + 0/13.
2, 13
Let f(k) = 284*k - 1. Let v be f(-1). Suppose 2*y - 15 = -3*y, -p + 5*y - 25 = 0. What are the prime factors of 4/6*v/p?
19
Suppose -5*d + 5*u = 760, 4*d + u + 464 = d. Let z = -94 - d. List the prime factors of z.
2, 3, 5
Let w(n) = -1468*n**2 - 36 + n**3 + 4*n + 1470*n**2 - 3*n. List the prime factors of w(6).
2, 3, 43
Let g = -15 - -216. What are the prime factors of g?
3, 67
Let l(z) = -2*z**2 + 9*z - 10. Let u be l(5). Let k be (-2545)/u - 3/(-9). Suppose -2*s = -7*s + k. What are the prime factors of s?
2, 17
Suppose 